rs of i.
7
Suppose -5*n + 190 = 5*f, 3*f + 3*n + 22 = 4*f. List the prime factors of f.
2, 17
Let f(a) = 208*a + 7. List the prime factors of f(1).
5, 43
Let r(x) = 30*x**2 + 3*x - 1. Suppose 4*t = -0*t - 3*i + 19, -i = 2*t - 7. List the prime factors of r(t).
2
Suppose 4 = 2*w + 2. Suppose -4*n + 73 - w = 0. List the prime factors of n.
2, 3
Let s(a) = -a**3 + 4*a**2 - 2*a + 3. Let w be s(3). Suppose -w*x = -4*x - 66. What are the prime factors of x?
3, 11
Let y = 111 + -68. List the prime factors of y.
43
Suppose -4*b - 4*s = 7 + 5, 5 = -5*s. Let z(i) = -3*i**2 - 2*i - 1. Let p be z(b). Let g = p + 20. What are the prime factors of g?
11
Let u = 21 - -16. What are the prime factors of u?
37
List the prime factors of 165/35 - 6/(-21).
5
What are the prime factors of (5/25*5)/(3/381)?
127
Suppose p + 2*p - 2*w - 42 = 0, p - 1 = 5*w. List the prime factors of p.
2
Let r be (10/(-15))/((-4)/18). Suppose -5*h + 10 + r = -u, -u = 5*h - 17. Suppose h*d = 5*d - 18. What are the prime factors of d?
3
Suppose 0 = 2*r + r. Suppose -2*u + 43 = -3*o - 39, r = -u - o + 51. What are the prime factors of u?
47
Let m(k) = k**2 + 12*k - 9. Let q be m(-13). Suppose q*l + 23 = t, 10 = 2*l + 3*l. List the prime factors of t.
31
Let r = -236 + 449. List the prime factors of r.
3, 71
Suppose 5*v - 2*r = 2 + 26, r + 4 = 0. Suppose n = -0*n - v. Let p(b) = b**2 + 5*b + 6. What are the prime factors of p(n)?
2
Let f(h) = -h**2 + 15*h + 2*h - 10*h. What are the prime factors of f(3)?
2, 3
What are the prime factors of (-1 - (-8)/2)*112/48?
7
Let s be (-18)/24*8*1. Let m(c) = c**2 + 5*c - 1. List the prime factors of m(s).
5
Let b(a) = 10*a. Let f(k) = k. Let z(r) = 6*b(r) - 65*f(r). List the prime factors of z(-1).
5
Let d = 89 + 19. What are the prime factors of d?
2, 3
Suppose -3*r + 27 = -24. What are the prime factors of r?
17
Let s be (-2)/(-10) - (-18)/10. Suppose -8 = 2*y - 2*m - s*m, 0 = 4*y + 4*m + 4. What are the prime factors of ((-11)/2)/(y/4)?
11
Suppose -5*g = -8*g + 45. What are the prime factors of g + 0/4 + 3?
2, 3
Let d = -130 - -174. What are the prime factors of d?
2, 11
Let i = 47 - 23. List the prime factors of (-6)/i - 42/(-8).
5
Suppose -5*i - 65 = -5. Let t = -1 - i. Suppose s - 2 = 0, 5*s = -p + 3*s + t. What are the prime factors of p?
7
List the prime factors of 5504/112 - ((-2)/(-14) + 0).
7
Suppose 0*r = -3*r + 4*u + 41, -3*u = 4*r - 63. What are the prime factors of r?
3, 5
Let a be (-2 - 1)*20/(-12). Let z = a + -2. Suppose r - z*r = -22. What are the prime factors of r?
11
Let g(z) = -z**2 - 21*z + 8. List the prime factors of g(-17).
2, 19
Suppose 5*m = -v - 12, -3*m + 2*m = 3. Let l(q) = 3*q - 3*q + 4 - q + v. List the prime factors of l(0).
7
Suppose v - 2 = -3*a - 5, -2*v = 2*a + 2. Suppose w + 13 - 33 = v. List the prime factors of w.
2, 5
Let a(v) be the first derivative of 11*v**3/3 + v**2/2 + v + 2. What are the prime factors of a(-2)?
43
Suppose -12 = -5*s + 28. Suppose -32 = -4*f - s. What are the prime factors of f/(-9) + (-141)/(-9)?
3, 5
Let m = 58 - -15. List the prime factors of m.
73
Let y(m) = -m**2 + 13*m - 14. Suppose 0 = -2*t + 6 + 16. List the prime factors of y(t).
2
Let g(c) = -c**3 + 89. Let u be 0/(3 + 3 + -8). Let m be g(u). Suppose 0 = 5*o + 2*i - m, i - 4*i = 9. List the prime factors of o.
19
Let p be -3 + (1 - 1 - 30). Let r = -3 - p. What are the prime factors of r?
2, 3, 5
Let y(t) = 2*t + 2 + 0*t**2 + t**2 - 3. Let d be y(3). Let w = 21 - d. What are the prime factors of w?
7
Let n = -18 + 7. Let y = 15 + n. What are the prime factors of y?
2
Let l be 51/2*(-10)/15. Let v be ((-33)/6)/((-1)/(-2)). Let k = v - l. List the prime factors of k.
2, 3
Suppose -2*a + 6 = -0*a. What are the prime factors of a?
3
Let z = -2 - -6. Let f = 3 - z. List the prime factors of f - (-4)/(4/5).
2
Suppose 4*c - 12 - 40 = 0. Suppose -4*w + 0 = -p - c, 2*w - 45 = -5*p. List the prime factors of p.
7
Suppose 2*a = 3 + 3. Let g(h) = -h**3 - h**2 - h + 3. Let z be g(-3). Suppose z = a*w + w. List the prime factors of w.
2, 3
Let f(x) = x**3 + 9*x**2 + 8*x - 1. Let r = 2 - 10. Let j be f(r). Let v = 1 - j. What are the prime factors of v?
2
Let o = 62 - 26. List the prime factors of o.
2, 3
Suppose -a + 5*p = -6 - 8, -5*a - 10 = -5*p. Let y = a + 10. List the prime factors of y.
2
Let h = -69 - -118. What are the prime factors of h?
7
Let y = 219 - 113. What are the prime factors of y?
2, 53
Let w(x) = -23*x + 2. What are the prime factors of w(-1)?
5
Suppose -g + 45 = 4*g. Let p = g - 13. Let f(m) = -m**2 - 7*m + 3. List the prime factors of f(p).
3, 5
Let u(k) = 2*k**2 + 4*k + 3. What are the prime factors of u(-2)?
3
What are the prime factors of 3/(-5) + (-3572)/(-20)?
2, 89
Let x(j) = j**3 - 7*j**2 + 3*j - 13. Let i(t) = -t**3 + 7*t**2 - 4*t + 12. Let g(l) = -6*i(l) - 5*x(l). What are the prime factors of g(6)?
11
Let q(i) = i**3 + 7*i**2 - 2*i - 6. Let v be q(-7). Let x = -9 - v. Let z = -9 - x. List the prime factors of z.
2
Let a(s) = s. Let f be a(7). Let g = f + 5. What are the prime factors of g?
2, 3
Let l = 68 - 61. What are the prime factors of l?
7
Let r = 17 + -1. Suppose -2*t = 8 - 26. Let w = r - t. What are the prime factors of w?
7
Let o be (1 + 1)/(6/9). Suppose -4*x - 2*y = -74, 0*y = 3*x + o*y - 51. List the prime factors of x.
2, 5
Suppose 13*z = 12*z - 34. Let v = -9 - z. List the prime factors of v.
5
Let m(p) = 4*p**2 + 9*p - 2. Let q be m(6). Suppose -6*z + 11*z - 406 = -4*h, -2*h + z + q = 0. List the prime factors of ((-2)/(-3))/(6/h).
11
Let s(m) = m**3 - m**2 + m - 1. Suppose 0 = -5*r + u + 8, -3*u + 2*u - 4 = -r. Let b be s(r). Let n = b - -9. What are the prime factors of n?
3
Suppose -4*u + 6 = q, 0*u = u + 2. Suppose -3*h + 7 = -q. What are the prime factors of h?
7
Suppose -b + 3*x = -18, -2*b + 6*b - 132 = -3*x. What are the prime factors of b?
2, 3, 5
Let p(d) be the third derivative of -d**4/8 - 7*d**3/6 - d**2. Let m be p(-5). Suppose -o + 4*s + m = o, 3*s - 12 = 0. What are the prime factors of o?
2, 3
Let a(o) be the third derivative of -o**6/120 + o**5/15 + o**4/6 - 2*o**3/3 - 2*o**2. Let w be a(4). Let t = w - 8. What are the prime factors of t?
2
Suppose -92 = 2*v - 6*v. List the prime factors of v.
23
Let l = 49 - 10. What are the prime factors of l?
3, 13
Suppose -l = -0 + 4. Let x be 20/(-6)*(l + 1). Let t = x - 6. What are the prime factors of t?
2
Suppose -5*n - 5*b = -1370, 3*b - 1413 = -5*n - 41. What are the prime factors of n?
5, 11
Let g(l) = l**3 + 15*l**2 + 11*l + 9. What are the prime factors of g(-14)?
3, 17
Let p be (-56)/(-7)*1/2. Let g = p + 34. List the prime factors of g.
2, 19
Suppose 16 = 4*u - 28. List the prime factors of u.
11
Suppose 3*y + 4 = 4*a - 26, 4*a - 4*y = 32. Let h = a - -11. What are the prime factors of h?
17
Suppose -166 = -4*s + 5*w, -w - 3*w - 8 = 0. Suppose -4 = -h + 4*o, 13 = -2*h - o + s. List the prime factors of h.
2, 3
Suppose d + 32 = -3*m + 3*d, 0 = -5*m - d - 49. Let q = 25 + m. List the prime factors of q.
3, 5
Let p = 2 - -27. What are the prime factors of p?
29
Let s = -3 + 5. Suppose 7*j = s*j + 20. What are the prime factors of j?
2
Let g(n) = -11*n**3 - 4*n**2 - 4*n - 2. What are the prime factors of g(-2)?
2, 3, 13
Let q be (-2)/(-3) - 40/(-3). Let t(r) = -r**2 - 10*r + 4. Let l be t(-10). Suppose 2*z - l*z + 8 = f, f - q = -4*z. What are the prime factors of f?
2
Let w = -7 - -6. Let y(n) = 19*n**2 + 1. What are the prime factors of y(w)?
2, 5
Let c be 39/12 - (-1)/(-4). Suppose z + 2*u = 15, 5*z = c*u + 2*u. Suppose -v - 20 = -z*v. What are the prime factors of v?
5
Let b be 125 + -6 + 1 + 3. Suppose -a + 14 = h - 27, -3*a + b = 5*h. List the prime factors of a.
41
Let k(b) = b + 1. Let v be k(2). Suppose d + 2*d = v*g, 4*d - 27 = -5*g. What are the prime factors of d?
3
Let l(d) = -6*d + 5. Let u(q) = -q + 3. Let x be u(8). List the prime factors of l(x).
5, 7
Suppose -3*w - 8*a = -4*a - 205, 4*w - 280 = -4*a. List the prime factors of w.
3, 5
Let p = -49 - -192. List the prime factors of p.
11, 13
Let d(k) be the second derivative of k**4/4 + k**3/2 - k**2/2 + k. What are the prime factors of d(-3)?
17
Suppose 3 = -0*u + 3*u. What are the prime factors of 4/u + 17 + 3?
2, 3
Suppose 0 = -h - 2*z + 5, 2*h = 3*z + 10. Sup